{"id":663,"date":"2022-10-12T09:43:08","date_gmt":"2022-10-12T07:43:08","guid":{"rendered":"https:\/\/auhaggisgourmand.fr\/?page_id=663"},"modified":"2022-10-13T10:50:34","modified_gmt":"2022-10-13T08:50:34","slug":"menu-du-jour","status":"publish","type":"page","link":"https:\/\/auhaggisgourmand.fr\/index.php\/menu-du-jour\/","title":{"rendered":"Menu du Jour"},"content":{"rendered":"\t\t<div data-elementor-type=\"wp-page\" data-elementor-id=\"663\" class=\"elementor elementor-663\">\n\t\t\t\t\t\t<section class=\"elementor-section elementor-top-section elementor-element elementor-element-3791ff2 elementor-section-boxed elementor-section-height-default elementor-section-height-default\" data-id=\"3791ff2\" data-element_type=\"section\" data-e-type=\"section\">\n\t\t\t\t\t\t<div class=\"elementor-container elementor-column-gap-default\">\n\t\t\t\t\t<div class=\"elementor-column elementor-col-50 elementor-top-column elementor-element elementor-element-18e1153\" data-id=\"18e1153\" data-element_type=\"column\" data-e-type=\"column\">\n\t\t\t<div class=\"elementor-widget-wrap elementor-element-populated\">\n\t\t\t\t\t\t<div class=\"elementor-element elementor-element-a41f616 elementor-widget elementor-widget-heading\" data-id=\"a41f616\" data-element_type=\"widget\" data-e-type=\"widget\" data-widget_type=\"heading.default\">\n\t\t\t\t<div class=\"elementor-widget-container\">\n\t\t\t\t\t<h2 class=\"elementor-heading-title elementor-size-default\">Je souhaite retirer ma commande au Haggis<\/h2>\t\t\t\t<\/div>\n\t\t\t\t<\/div>\n\t\t\t\t<div class=\"elementor-element elementor-element-c0fedc3 elementor-position-top elementor-widget elementor-widget-image-box\" data-id=\"c0fedc3\" data-element_type=\"widget\" data-e-type=\"widget\" data-widget_type=\"image-box.default\">\n\t\t\t\t<div class=\"elementor-widget-container\">\n\t\t\t\t\t<div class=\"elementor-image-box-wrapper\"><figure class=\"elementor-image-box-img\"><img decoding=\"async\" width=\"50\" height=\"50\" src=\"https:\/\/i0.wp.com\/auhaggisgourmand.fr\/wp-content\/uploads\/2019\/01\/cropped-haggisPointer50-1.png?fit=50%2C50&amp;ssl=1\" class=\"attachment-full size-full wp-image-444\" alt=\"\" \/><\/figure><div class=\"elementor-image-box-content\"><h3 class=\"elementor-image-box-title\">Click and Collect<\/h3><p class=\"elementor-image-box-description\">Je passe commande sur ce site et je r\u00e9cup\u00e8re mes plats en boutique <\/p><\/div><\/div>\t\t\t\t<\/div>\n\t\t\t\t<\/div>\n\t\t\t\t<div class=\"elementor-element elementor-element-5fa5730 elementor-button-info elementor-align-center elementor-widget elementor-widget-button\" data-id=\"5fa5730\" data-element_type=\"widget\" data-e-type=\"widget\" data-widget_type=\"button.default\">\n\t\t\t\t<div class=\"elementor-widget-container\">\n\t\t\t\t\t\t\t\t\t<div class=\"elementor-button-wrapper\">\n\t\t\t\t\t<a class=\"elementor-button elementor-button-link elementor-size-lg\" href=\"https:\/\/auhaggisgourmand.fr\/index.php\/la-carte\/\">\n\t\t\t\t\t\t<span class=\"elementor-button-content-wrapper\">\n\t\t\t\t\t\t\t\t\t<span class=\"elementor-button-text\">Click and Collect<\/span>\n\t\t\t\t\t<\/span>\n\t\t\t\t\t<\/a>\n\t\t\t\t<\/div>\n\t\t\t\t\t\t\t\t<\/div>\n\t\t\t\t<\/div>\n\t\t\t\t\t<\/div>\n\t\t<\/div>\n\t\t\t\t<div class=\"elementor-column elementor-col-50 elementor-top-column elementor-element elementor-element-9b04d5b\" data-id=\"9b04d5b\" data-element_type=\"column\" data-e-type=\"column\">\n\t\t\t<div class=\"elementor-widget-wrap elementor-element-populated\">\n\t\t\t\t\t\t<div class=\"elementor-element elementor-element-edc78e8 elementor-widget elementor-widget-heading\" data-id=\"edc78e8\" data-element_type=\"widget\" data-e-type=\"widget\" data-widget_type=\"heading.default\">\n\t\t\t\t<div class=\"elementor-widget-container\">\n\t\t\t\t\t<h2 class=\"elementor-heading-title elementor-size-default\">Je souhaite me faire livrer \u00e0 domicile ou sur mon lieu de travail<\/h2>\t\t\t\t<\/div>\n\t\t\t\t<\/div>\n\t\t\t\t<div class=\"elementor-element elementor-element-1efc729 elementor-position-top elementor-widget elementor-widget-image-box\" data-id=\"1efc729\" data-element_type=\"widget\" data-e-type=\"widget\" data-widget_type=\"image-box.default\">\n\t\t\t\t<div class=\"elementor-widget-container\">\n\t\t\t\t\t<div class=\"elementor-image-box-wrapper\"><figure class=\"elementor-image-box-img\"><img decoding=\"async\" width=\"119\" height=\"119\" src=\"https:\/\/i0.wp.com\/auhaggisgourmand.fr\/wp-content\/uploads\/2022\/10\/logo-uber_eat.png?fit=119%2C119&amp;ssl=1\" class=\"attachment-full size-full wp-image-670\" alt=\"\" \/><\/figure><div class=\"elementor-image-box-content\"><h3 class=\"elementor-image-box-title\">Livraison Uber<\/h3><p class=\"elementor-image-box-description\">Je passe commande sur le site Uber Eats et je suis livr\u00e9 \u00e0 l'adresse de mon choix<\/p><\/div><\/div>\t\t\t\t<\/div>\n\t\t\t\t<\/div>\n\t\t\t\t<div class=\"elementor-element elementor-element-4766f73 elementor-button-info elementor-align-center elementor-widget elementor-widget-button\" data-id=\"4766f73\" data-element_type=\"widget\" data-e-type=\"widget\" data-widget_type=\"button.default\">\n\t\t\t\t<div class=\"elementor-widget-container\">\n\t\t\t\t\t\t\t\t\t<div class=\"elementor-button-wrapper\">\n\t\t\t\t\t<a class=\"elementor-button elementor-button-link elementor-size-lg\" href=\"#\">\n\t\t\t\t\t\t<span class=\"elementor-button-content-wrapper\">\n\t\t\t\t\t\t\t\t\t<span class=\"elementor-button-text\">Livraison Uber Eats<\/span>\n\t\t\t\t\t<\/span>\n\t\t\t\t\t<\/a>\n\t\t\t\t<\/div>\n\t\t\t\t\t\t\t\t<\/div>\n\t\t\t\t<\/div>\n\t\t\t\t\t<\/div>\n\t\t<\/div>\n\t\t\t\t\t<\/div>\n\t\t<\/section>\n\t\t\t\t<\/div>\n\t\t","protected":false},"excerpt":{"rendered":"<p>Je souhaite retirer ma commande au Haggis Click and Collect Je passe commande sur ce site et je r\u00e9cup\u00e8re mes plats en boutique Click and Collect Je souhaite me faire livrer \u00e0 domicile ou sur mon lieu de travail Livraison Uber Je passe commande sur le site Uber Eats et [&hellip;]<\/p>\n","protected":false},"author":1,"featured_media":0,"parent":0,"menu_order":0,"comment_status":"closed","ping_status":"closed","template":"","meta":{"_themeisle_gutenberg_block_has_review":false,"footnotes":""},"class_list":["post-663","page","type-page","status-publish","hentry"],"yoast_head":"<!-- This site is optimized with the Yoast SEO plugin v27.3 - https:\/\/yoast.com\/product\/yoast-seo-wordpress\/ -->\n<title>Menu du Jour - AU HAGGIS GOURMAND<\/title>\n<meta name=\"robots\" content=\"index, follow, max-snippet:-1, max-image-preview:large, max-video-preview:-1\" \/>\n<link rel=\"canonical\" href=\"https:\/\/auhaggisgourmand.fr\/index.php\/menu-du-jour\/\" \/>\n<meta property=\"og:locale\" content=\"fr_FR\" \/>\n<meta property=\"og:type\" content=\"article\" \/>\n<meta property=\"og:title\" content=\"Menu du Jour - AU HAGGIS GOURMAND\" \/>\n<meta property=\"og:description\" content=\"Je souhaite retirer ma commande au Haggis Click and Collect Je passe commande sur ce site et je r\u00e9cup\u00e8re mes plats en boutique Click and Collect Je souhaite me faire livrer \u00e0 domicile ou sur mon lieu de travail Livraison Uber Je passe commande sur le site Uber Eats et [&hellip;]\" \/>\n<meta property=\"og:url\" content=\"https:\/\/auhaggisgourmand.fr\/index.php\/menu-du-jour\/\" \/>\n<meta property=\"og:site_name\" content=\"AU HAGGIS GOURMAND\" \/>\n<meta property=\"article:modified_time\" content=\"2022-10-13T08:50:34+00:00\" \/>\n<meta property=\"og:image\" content=\"https:\/\/auhaggisgourmand.fr\/wp-content\/uploads\/2019\/01\/cropped-haggisPointer50-1.png\" \/>\n<meta name=\"twitter:card\" content=\"summary_large_image\" \/>\n<meta name=\"twitter:label1\" content=\"Dur\u00e9e de lecture estim\u00e9e\" \/>\n\t<meta name=\"twitter:data1\" content=\"1 minute\" \/>\n<script type=\"application\/ld+json\" class=\"yoast-schema-graph\">{\"@context\":\"https:\\\/\\\/schema.org\",\"@graph\":[{\"@type\":\"WebPage\",\"@id\":\"https:\\\/\\\/auhaggisgourmand.fr\\\/index.php\\\/menu-du-jour\\\/\",\"url\":\"https:\\\/\\\/auhaggisgourmand.fr\\\/index.php\\\/menu-du-jour\\\/\",\"name\":\"Menu du Jour - AU HAGGIS GOURMAND\",\"isPartOf\":{\"@id\":\"https:\\\/\\\/auhaggisgourmand.fr\\\/#website\"},\"primaryImageOfPage\":{\"@id\":\"https:\\\/\\\/auhaggisgourmand.fr\\\/index.php\\\/menu-du-jour\\\/#primaryimage\"},\"image\":{\"@id\":\"https:\\\/\\\/auhaggisgourmand.fr\\\/index.php\\\/menu-du-jour\\\/#primaryimage\"},\"thumbnailUrl\":\"https:\\\/\\\/auhaggisgourmand.fr\\\/wp-content\\\/uploads\\\/2019\\\/01\\\/cropped-haggisPointer50-1.png\",\"datePublished\":\"2022-10-12T07:43:08+00:00\",\"dateModified\":\"2022-10-13T08:50:34+00:00\",\"breadcrumb\":{\"@id\":\"https:\\\/\\\/auhaggisgourmand.fr\\\/index.php\\\/menu-du-jour\\\/#breadcrumb\"},\"inLanguage\":\"fr-FR\",\"potentialAction\":[{\"@type\":\"ReadAction\",\"target\":[\"https:\\\/\\\/auhaggisgourmand.fr\\\/index.php\\\/menu-du-jour\\\/\"]}]},{\"@type\":\"ImageObject\",\"inLanguage\":\"fr-FR\",\"@id\":\"https:\\\/\\\/auhaggisgourmand.fr\\\/index.php\\\/menu-du-jour\\\/#primaryimage\",\"url\":\"https:\\\/\\\/i0.wp.com\\\/auhaggisgourmand.fr\\\/wp-content\\\/uploads\\\/2019\\\/01\\\/cropped-haggisPointer50-1.png?fit=50%2C50&ssl=1\",\"contentUrl\":\"https:\\\/\\\/i0.wp.com\\\/auhaggisgourmand.fr\\\/wp-content\\\/uploads\\\/2019\\\/01\\\/cropped-haggisPointer50-1.png?fit=50%2C50&ssl=1\",\"width\":50,\"height\":50},{\"@type\":\"BreadcrumbList\",\"@id\":\"https:\\\/\\\/auhaggisgourmand.fr\\\/index.php\\\/menu-du-jour\\\/#breadcrumb\",\"itemListElement\":[{\"@type\":\"ListItem\",\"position\":1,\"name\":\"Accueil\",\"item\":\"https:\\\/\\\/auhaggisgourmand.fr\\\/\"},{\"@type\":\"ListItem\",\"position\":2,\"name\":\"Menu du Jour\"}]},{\"@type\":\"WebSite\",\"@id\":\"https:\\\/\\\/auhaggisgourmand.fr\\\/#website\",\"url\":\"https:\\\/\\\/auhaggisgourmand.fr\\\/\",\"name\":\"AU HAGGIS GOURMAND\",\"description\":\"\",\"publisher\":{\"@id\":\"https:\\\/\\\/auhaggisgourmand.fr\\\/#organization\"},\"potentialAction\":[{\"@type\":\"SearchAction\",\"target\":{\"@type\":\"EntryPoint\",\"urlTemplate\":\"https:\\\/\\\/auhaggisgourmand.fr\\\/?s={search_term_string}\"},\"query-input\":{\"@type\":\"PropertyValueSpecification\",\"valueRequired\":true,\"valueName\":\"search_term_string\"}}],\"inLanguage\":\"fr-FR\"},{\"@type\":\"Organization\",\"@id\":\"https:\\\/\\\/auhaggisgourmand.fr\\\/#organization\",\"name\":\"AU HAGGIS GOURMAND\",\"url\":\"https:\\\/\\\/auhaggisgourmand.fr\\\/\",\"logo\":{\"@type\":\"ImageObject\",\"inLanguage\":\"fr-FR\",\"@id\":\"https:\\\/\\\/auhaggisgourmand.fr\\\/#\\\/schema\\\/logo\\\/image\\\/\",\"url\":\"https:\\\/\\\/i0.wp.com\\\/auhaggisgourmand.fr\\\/wp-content\\\/uploads\\\/2019\\\/01\\\/cropped-haggisPointer50-2.png?fit=50%2C50&ssl=1\",\"contentUrl\":\"https:\\\/\\\/i0.wp.com\\\/auhaggisgourmand.fr\\\/wp-content\\\/uploads\\\/2019\\\/01\\\/cropped-haggisPointer50-2.png?fit=50%2C50&ssl=1\",\"width\":50,\"height\":50,\"caption\":\"AU HAGGIS GOURMAND\"},\"image\":{\"@id\":\"https:\\\/\\\/auhaggisgourmand.fr\\\/#\\\/schema\\\/logo\\\/image\\\/\"}}]}<\/script>\n<!-- \/ Yoast SEO plugin. -->","yoast_head_json":{"title":"Menu du Jour - AU HAGGIS GOURMAND","robots":{"index":"index","follow":"follow","max-snippet":"max-snippet:-1","max-image-preview":"max-image-preview:large","max-video-preview":"max-video-preview:-1"},"canonical":"https:\/\/auhaggisgourmand.fr\/index.php\/menu-du-jour\/","og_locale":"fr_FR","og_type":"article","og_title":"Menu du Jour - AU HAGGIS GOURMAND","og_description":"Je souhaite retirer ma commande au Haggis Click and Collect Je passe commande sur ce site et je r\u00e9cup\u00e8re mes plats en boutique Click and Collect Je souhaite me faire livrer \u00e0 domicile ou sur mon lieu de travail Livraison Uber Je passe commande sur le site Uber Eats et [&hellip;]","og_url":"https:\/\/auhaggisgourmand.fr\/index.php\/menu-du-jour\/","og_site_name":"AU HAGGIS GOURMAND","article_modified_time":"2022-10-13T08:50:34+00:00","og_image":[{"url":"https:\/\/auhaggisgourmand.fr\/wp-content\/uploads\/2019\/01\/cropped-haggisPointer50-1.png","type":"","width":"","height":""}],"twitter_card":"summary_large_image","twitter_misc":{"Dur\u00e9e de lecture estim\u00e9e":"1 minute"},"schema":{"@context":"https:\/\/schema.org","@graph":[{"@type":"WebPage","@id":"https:\/\/auhaggisgourmand.fr\/index.php\/menu-du-jour\/","url":"https:\/\/auhaggisgourmand.fr\/index.php\/menu-du-jour\/","name":"Menu du Jour - AU HAGGIS GOURMAND","isPartOf":{"@id":"https:\/\/auhaggisgourmand.fr\/#website"},"primaryImageOfPage":{"@id":"https:\/\/auhaggisgourmand.fr\/index.php\/menu-du-jour\/#primaryimage"},"image":{"@id":"https:\/\/auhaggisgourmand.fr\/index.php\/menu-du-jour\/#primaryimage"},"thumbnailUrl":"https:\/\/auhaggisgourmand.fr\/wp-content\/uploads\/2019\/01\/cropped-haggisPointer50-1.png","datePublished":"2022-10-12T07:43:08+00:00","dateModified":"2022-10-13T08:50:34+00:00","breadcrumb":{"@id":"https:\/\/auhaggisgourmand.fr\/index.php\/menu-du-jour\/#breadcrumb"},"inLanguage":"fr-FR","potentialAction":[{"@type":"ReadAction","target":["https:\/\/auhaggisgourmand.fr\/index.php\/menu-du-jour\/"]}]},{"@type":"ImageObject","inLanguage":"fr-FR","@id":"https:\/\/auhaggisgourmand.fr\/index.php\/menu-du-jour\/#primaryimage","url":"https:\/\/i0.wp.com\/auhaggisgourmand.fr\/wp-content\/uploads\/2019\/01\/cropped-haggisPointer50-1.png?fit=50%2C50&ssl=1","contentUrl":"https:\/\/i0.wp.com\/auhaggisgourmand.fr\/wp-content\/uploads\/2019\/01\/cropped-haggisPointer50-1.png?fit=50%2C50&ssl=1","width":50,"height":50},{"@type":"BreadcrumbList","@id":"https:\/\/auhaggisgourmand.fr\/index.php\/menu-du-jour\/#breadcrumb","itemListElement":[{"@type":"ListItem","position":1,"name":"Accueil","item":"https:\/\/auhaggisgourmand.fr\/"},{"@type":"ListItem","position":2,"name":"Menu du Jour"}]},{"@type":"WebSite","@id":"https:\/\/auhaggisgourmand.fr\/#website","url":"https:\/\/auhaggisgourmand.fr\/","name":"AU HAGGIS GOURMAND","description":"","publisher":{"@id":"https:\/\/auhaggisgourmand.fr\/#organization"},"potentialAction":[{"@type":"SearchAction","target":{"@type":"EntryPoint","urlTemplate":"https:\/\/auhaggisgourmand.fr\/?s={search_term_string}"},"query-input":{"@type":"PropertyValueSpecification","valueRequired":true,"valueName":"search_term_string"}}],"inLanguage":"fr-FR"},{"@type":"Organization","@id":"https:\/\/auhaggisgourmand.fr\/#organization","name":"AU HAGGIS GOURMAND","url":"https:\/\/auhaggisgourmand.fr\/","logo":{"@type":"ImageObject","inLanguage":"fr-FR","@id":"https:\/\/auhaggisgourmand.fr\/#\/schema\/logo\/image\/","url":"https:\/\/i0.wp.com\/auhaggisgourmand.fr\/wp-content\/uploads\/2019\/01\/cropped-haggisPointer50-2.png?fit=50%2C50&ssl=1","contentUrl":"https:\/\/i0.wp.com\/auhaggisgourmand.fr\/wp-content\/uploads\/2019\/01\/cropped-haggisPointer50-2.png?fit=50%2C50&ssl=1","width":50,"height":50,"caption":"AU HAGGIS GOURMAND"},"image":{"@id":"https:\/\/auhaggisgourmand.fr\/#\/schema\/logo\/image\/"}}]}},"jetpack_sharing_enabled":true,"jetpack_likes_enabled":true,"_links":{"self":[{"href":"https:\/\/auhaggisgourmand.fr\/index.php\/wp-json\/wp\/v2\/pages\/663","targetHints":{"allow":["GET"]}}],"collection":[{"href":"https:\/\/auhaggisgourmand.fr\/index.php\/wp-json\/wp\/v2\/pages"}],"about":[{"href":"https:\/\/auhaggisgourmand.fr\/index.php\/wp-json\/wp\/v2\/types\/page"}],"author":[{"embeddable":true,"href":"https:\/\/auhaggisgourmand.fr\/index.php\/wp-json\/wp\/v2\/users\/1"}],"replies":[{"embeddable":true,"href":"https:\/\/auhaggisgourmand.fr\/index.php\/wp-json\/wp\/v2\/comments?post=663"}],"version-history":[{"count":5,"href":"https:\/\/auhaggisgourmand.fr\/index.php\/wp-json\/wp\/v2\/pages\/663\/revisions"}],"predecessor-version":[{"id":738,"href":"https:\/\/auhaggisgourmand.fr\/index.php\/wp-json\/wp\/v2\/pages\/663\/revisions\/738"}],"wp:attachment":[{"href":"https:\/\/auhaggisgourmand.fr\/index.php\/wp-json\/wp\/v2\/media?parent=663"}],"curies":[{"name":"wp","href":"https:\/\/api.w.org\/{rel}","templated":true}]}}