{"id":390,"date":"2020-11-06T15:01:26","date_gmt":"2020-11-06T14:01:26","guid":{"rendered":"https:\/\/auhaggisgourmand.fr\/index.php\/homepage\/"},"modified":"2022-10-18T10:48:21","modified_gmt":"2022-10-18T08:48:21","slug":"homepage","status":"publish","type":"page","link":"https:\/\/auhaggisgourmand.fr\/index.php\/homepage\/","title":{"rendered":"Page Accueil"},"content":{"rendered":"\t\t<div data-elementor-type=\"wp-page\" data-elementor-id=\"390\" class=\"elementor elementor-390\">\n\t\t\t\t\t\t<section class=\"elementor-section elementor-top-section elementor-element elementor-element-f67b970 elementor-section-boxed elementor-section-height-default elementor-section-height-default\" data-id=\"f67b970\" data-element_type=\"section\" data-e-type=\"section\">\n\t\t\t\t\t\t<div class=\"elementor-container elementor-column-gap-default\">\n\t\t\t\t\t<div class=\"elementor-column elementor-col-100 elementor-top-column elementor-element elementor-element-d563c1c\" data-id=\"d563c1c\" data-element_type=\"column\" data-e-type=\"column\">\n\t\t\t<div class=\"elementor-widget-wrap elementor-element-populated\">\n\t\t\t\t\t\t<div class=\"elementor-element elementor-element-716c4f8 elementor-widget elementor-widget-heading\" data-id=\"716c4f8\" data-element_type=\"widget\" data-e-type=\"widget\" data-widget_type=\"heading.default\">\n\t\t\t\t<div class=\"elementor-widget-container\">\n\t\t\t\t\t<h2 class=\"elementor-heading-title elementor-size-default\">D\u00e9couvrir notre \u00e9picerie<\/h2>\t\t\t\t<\/div>\n\t\t\t\t<\/div>\n\t\t\t\t<div class=\"elementor-element elementor-element-034b184 elementor-button-info elementor-align-center elementor-widget elementor-widget-button\" data-id=\"034b184\" data-element_type=\"widget\" data-e-type=\"widget\" data-widget_type=\"button.default\">\n\t\t\t\t<div class=\"elementor-widget-container\">\n\t\t\t\t\t\t\t\t\t<div class=\"elementor-button-wrapper\">\n\t\t\t\t\t<a class=\"elementor-button elementor-button-link elementor-size-lg\" href=\"https:\/\/auhaggisgourmand.fr\/index.php\/shop\/\">\n\t\t\t\t\t\t<span class=\"elementor-button-content-wrapper\">\n\t\t\t\t\t\t\t\t\t<span class=\"elementor-button-text\">Boutique<\/span>\n\t\t\t\t\t<\/span>\n\t\t\t\t\t<\/a>\n\t\t\t\t<\/div>\n\t\t\t\t\t\t\t\t<\/div>\n\t\t\t\t<\/div>\n\t\t\t\t\t<\/div>\n\t\t<\/div>\n\t\t\t\t\t<\/div>\n\t\t<\/section>\n\t\t\t\t<\/div>\n\t\t","protected":false},"excerpt":{"rendered":"<p>D\u00e9couvrir notre \u00e9picerie<\/p>\n","protected":false},"author":1,"featured_media":790,"parent":0,"menu_order":0,"comment_status":"closed","ping_status":"closed","template":"","meta":{"_themeisle_gutenberg_block_has_review":false,"footnotes":""},"class_list":["post-390","page","type-page","status-publish","has-post-thumbnail","hentry"],"yoast_head":"<!-- This site is optimized with the Yoast SEO plugin v27.3 - https:\/\/yoast.com\/product\/yoast-seo-wordpress\/ -->\n<title>AU HAGGIS GOURMAND Bienvenue Au Haggis Gourmand, concept food &amp; store \u00e0 Al\u00e8s<\/title>\n<meta name=\"description\" content=\"Venez d\u00e9guster notre cuisine du march\u00e9, faire une halte en terrasse ou d\u00e9couvrir notre boutique o\u00f9 vous attendent toute une gamme de produits s\u00e9l\u00e9ction\u00e9s pour ...\" \/>\n<meta name=\"robots\" content=\"index, follow, max-snippet:-1, max-image-preview:large, max-video-preview:-1\" \/>\n<link rel=\"canonical\" href=\"https:\/\/auhaggisgourmand.fr\" \/>\n<meta property=\"og:locale\" content=\"fr_FR\" \/>\n<meta property=\"og:type\" content=\"article\" \/>\n<meta property=\"og:title\" content=\"AU HAGGIS GOURMAND Bienvenue Au Haggis Gourmand, concept food &amp; store \u00e0 Al\u00e8s\" \/>\n<meta property=\"og:description\" content=\"Venez d\u00e9guster notre cuisine du march\u00e9, faire une halte en terrasse ou d\u00e9couvrir notre boutique o\u00f9 vous attendent toute une gamme de produits s\u00e9l\u00e9ction\u00e9s pour ...\" \/>\n<meta property=\"og:url\" content=\"https:\/\/auhaggisgourmand.fr\" \/>\n<meta property=\"og:site_name\" content=\"AU HAGGIS GOURMAND\" \/>\n<meta property=\"article:modified_time\" content=\"2022-10-18T08:48:21+00:00\" \/>\n<meta property=\"og:image\" content=\"https:\/\/auhaggisgourmand.fr\/wp-content\/uploads\/2020\/11\/lot-3-epices-photo-20-scaled.jpg\" \/>\n\t<meta property=\"og:image:width\" content=\"2560\" \/>\n\t<meta property=\"og:image:height\" content=\"1707\" \/>\n\t<meta property=\"og:image:type\" content=\"image\/jpeg\" \/>\n<meta name=\"twitter:card\" content=\"summary_large_image\" \/>\n<meta name=\"twitter:label1\" content=\"Dur\u00e9e de lecture estim\u00e9e\" \/>\n\t<meta name=\"twitter:data1\" content=\"1 minute\" \/>\n<script type=\"application\/ld+json\" class=\"yoast-schema-graph\">{\"@context\":\"https:\\\/\\\/schema.org\",\"@graph\":[{\"@type\":\"WebPage\",\"@id\":\"https:\\\/\\\/auhaggisgourmand.fr\\\/index.php\\\/homepage\\\/\",\"url\":\"https:\\\/\\\/auhaggisgourmand.fr\",\"name\":\"AU HAGGIS GOURMAND Bienvenue Au Haggis Gourmand, concept food & store \u00e0 Al\u00e8s\",\"isPartOf\":{\"@id\":\"https:\\\/\\\/auhaggisgourmand.fr\\\/#website\"},\"primaryImageOfPage\":{\"@id\":\"https:\\\/\\\/auhaggisgourmand.fr#primaryimage\"},\"image\":{\"@id\":\"https:\\\/\\\/auhaggisgourmand.fr#primaryimage\"},\"thumbnailUrl\":\"https:\\\/\\\/i0.wp.com\\\/auhaggisgourmand.fr\\\/wp-content\\\/uploads\\\/2022\\\/10\\\/irlandbis_n1b-150x150-1.jpg?fit=1199%2C800&ssl=1\",\"datePublished\":\"2020-11-06T14:01:26+00:00\",\"dateModified\":\"2022-10-18T08:48:21+00:00\",\"description\":\"Venez d\u00e9guster notre cuisine du march\u00e9, faire une halte en terrasse ou d\u00e9couvrir notre boutique o\u00f9 vous attendent toute une gamme de produits s\u00e9l\u00e9ction\u00e9s pour ...\",\"breadcrumb\":{\"@id\":\"https:\\\/\\\/auhaggisgourmand.fr#breadcrumb\"},\"inLanguage\":\"fr-FR\",\"potentialAction\":[{\"@type\":\"ReadAction\",\"target\":[\"https:\\\/\\\/auhaggisgourmand.fr\"]}]},{\"@type\":\"ImageObject\",\"inLanguage\":\"fr-FR\",\"@id\":\"https:\\\/\\\/auhaggisgourmand.fr#primaryimage\",\"url\":\"https:\\\/\\\/i0.wp.com\\\/auhaggisgourmand.fr\\\/wp-content\\\/uploads\\\/2022\\\/10\\\/irlandbis_n1b-150x150-1.jpg?fit=1199%2C800&ssl=1\",\"contentUrl\":\"https:\\\/\\\/i0.wp.com\\\/auhaggisgourmand.fr\\\/wp-content\\\/uploads\\\/2022\\\/10\\\/irlandbis_n1b-150x150-1.jpg?fit=1199%2C800&ssl=1\",\"width\":1199,\"height\":800},{\"@type\":\"BreadcrumbList\",\"@id\":\"https:\\\/\\\/auhaggisgourmand.fr#breadcrumb\",\"itemListElement\":[{\"@type\":\"ListItem\",\"position\":1,\"name\":\"Accueil\",\"item\":\"https:\\\/\\\/auhaggisgourmand.fr\\\/\"},{\"@type\":\"ListItem\",\"position\":2,\"name\":\"Page Accueil\"}]},{\"@type\":\"WebSite\",\"@id\":\"https:\\\/\\\/auhaggisgourmand.fr\\\/#website\",\"url\":\"https:\\\/\\\/auhaggisgourmand.fr\\\/\",\"name\":\"AU HAGGIS GOURMAND\",\"description\":\"\",\"publisher\":{\"@id\":\"https:\\\/\\\/auhaggisgourmand.fr\\\/#organization\"},\"potentialAction\":[{\"@type\":\"SearchAction\",\"target\":{\"@type\":\"EntryPoint\",\"urlTemplate\":\"https:\\\/\\\/auhaggisgourmand.fr\\\/?s={search_term_string}\"},\"query-input\":{\"@type\":\"PropertyValueSpecification\",\"valueRequired\":true,\"valueName\":\"search_term_string\"}}],\"inLanguage\":\"fr-FR\"},{\"@type\":\"Organization\",\"@id\":\"https:\\\/\\\/auhaggisgourmand.fr\\\/#organization\",\"name\":\"AU HAGGIS GOURMAND\",\"url\":\"https:\\\/\\\/auhaggisgourmand.fr\\\/\",\"logo\":{\"@type\":\"ImageObject\",\"inLanguage\":\"fr-FR\",\"@id\":\"https:\\\/\\\/auhaggisgourmand.fr\\\/#\\\/schema\\\/logo\\\/image\\\/\",\"url\":\"https:\\\/\\\/i0.wp.com\\\/auhaggisgourmand.fr\\\/wp-content\\\/uploads\\\/2019\\\/01\\\/cropped-haggisPointer50-2.png?fit=50%2C50&ssl=1\",\"contentUrl\":\"https:\\\/\\\/i0.wp.com\\\/auhaggisgourmand.fr\\\/wp-content\\\/uploads\\\/2019\\\/01\\\/cropped-haggisPointer50-2.png?fit=50%2C50&ssl=1\",\"width\":50,\"height\":50,\"caption\":\"AU HAGGIS GOURMAND\"},\"image\":{\"@id\":\"https:\\\/\\\/auhaggisgourmand.fr\\\/#\\\/schema\\\/logo\\\/image\\\/\"}}]}<\/script>\n<!-- \/ Yoast SEO plugin. -->","yoast_head_json":{"title":"AU HAGGIS GOURMAND Bienvenue Au Haggis Gourmand, concept food & store \u00e0 Al\u00e8s","description":"Venez d\u00e9guster notre cuisine du march\u00e9, faire une halte en terrasse ou d\u00e9couvrir notre boutique o\u00f9 vous attendent toute une gamme de produits s\u00e9l\u00e9ction\u00e9s pour ...","robots":{"index":"index","follow":"follow","max-snippet":"max-snippet:-1","max-image-preview":"max-image-preview:large","max-video-preview":"max-video-preview:-1"},"canonical":"https:\/\/auhaggisgourmand.fr","og_locale":"fr_FR","og_type":"article","og_title":"AU HAGGIS GOURMAND Bienvenue Au Haggis Gourmand, concept food & store \u00e0 Al\u00e8s","og_description":"Venez d\u00e9guster notre cuisine du march\u00e9, faire une halte en terrasse ou d\u00e9couvrir notre boutique o\u00f9 vous attendent toute une gamme de produits s\u00e9l\u00e9ction\u00e9s pour ...","og_url":"https:\/\/auhaggisgourmand.fr","og_site_name":"AU HAGGIS GOURMAND","article_modified_time":"2022-10-18T08:48:21+00:00","og_image":[{"width":2560,"height":1707,"url":"https:\/\/auhaggisgourmand.fr\/wp-content\/uploads\/2020\/11\/lot-3-epices-photo-20-scaled.jpg","type":"image\/jpeg"}],"twitter_card":"summary_large_image","twitter_misc":{"Dur\u00e9e de lecture estim\u00e9e":"1 minute"},"schema":{"@context":"https:\/\/schema.org","@graph":[{"@type":"WebPage","@id":"https:\/\/auhaggisgourmand.fr\/index.php\/homepage\/","url":"https:\/\/auhaggisgourmand.fr","name":"AU HAGGIS GOURMAND Bienvenue Au Haggis Gourmand, concept food & store \u00e0 Al\u00e8s","isPartOf":{"@id":"https:\/\/auhaggisgourmand.fr\/#website"},"primaryImageOfPage":{"@id":"https:\/\/auhaggisgourmand.fr#primaryimage"},"image":{"@id":"https:\/\/auhaggisgourmand.fr#primaryimage"},"thumbnailUrl":"https:\/\/i0.wp.com\/auhaggisgourmand.fr\/wp-content\/uploads\/2022\/10\/irlandbis_n1b-150x150-1.jpg?fit=1199%2C800&ssl=1","datePublished":"2020-11-06T14:01:26+00:00","dateModified":"2022-10-18T08:48:21+00:00","description":"Venez d\u00e9guster notre cuisine du march\u00e9, faire une halte en terrasse ou d\u00e9couvrir notre boutique o\u00f9 vous attendent toute une gamme de produits s\u00e9l\u00e9ction\u00e9s pour ...","breadcrumb":{"@id":"https:\/\/auhaggisgourmand.fr#breadcrumb"},"inLanguage":"fr-FR","potentialAction":[{"@type":"ReadAction","target":["https:\/\/auhaggisgourmand.fr"]}]},{"@type":"ImageObject","inLanguage":"fr-FR","@id":"https:\/\/auhaggisgourmand.fr#primaryimage","url":"https:\/\/i0.wp.com\/auhaggisgourmand.fr\/wp-content\/uploads\/2022\/10\/irlandbis_n1b-150x150-1.jpg?fit=1199%2C800&ssl=1","contentUrl":"https:\/\/i0.wp.com\/auhaggisgourmand.fr\/wp-content\/uploads\/2022\/10\/irlandbis_n1b-150x150-1.jpg?fit=1199%2C800&ssl=1","width":1199,"height":800},{"@type":"BreadcrumbList","@id":"https:\/\/auhaggisgourmand.fr#breadcrumb","itemListElement":[{"@type":"ListItem","position":1,"name":"Accueil","item":"https:\/\/auhaggisgourmand.fr\/"},{"@type":"ListItem","position":2,"name":"Page Accueil"}]},{"@type":"WebSite","@id":"https:\/\/auhaggisgourmand.fr\/#website","url":"https:\/\/auhaggisgourmand.fr\/","name":"AU HAGGIS GOURMAND","description":"","publisher":{"@id":"https:\/\/auhaggisgourmand.fr\/#organization"},"potentialAction":[{"@type":"SearchAction","target":{"@type":"EntryPoint","urlTemplate":"https:\/\/auhaggisgourmand.fr\/?s={search_term_string}"},"query-input":{"@type":"PropertyValueSpecification","valueRequired":true,"valueName":"search_term_string"}}],"inLanguage":"fr-FR"},{"@type":"Organization","@id":"https:\/\/auhaggisgourmand.fr\/#organization","name":"AU HAGGIS GOURMAND","url":"https:\/\/auhaggisgourmand.fr\/","logo":{"@type":"ImageObject","inLanguage":"fr-FR","@id":"https:\/\/auhaggisgourmand.fr\/#\/schema\/logo\/image\/","url":"https:\/\/i0.wp.com\/auhaggisgourmand.fr\/wp-content\/uploads\/2019\/01\/cropped-haggisPointer50-2.png?fit=50%2C50&ssl=1","contentUrl":"https:\/\/i0.wp.com\/auhaggisgourmand.fr\/wp-content\/uploads\/2019\/01\/cropped-haggisPointer50-2.png?fit=50%2C50&ssl=1","width":50,"height":50,"caption":"AU HAGGIS GOURMAND"},"image":{"@id":"https:\/\/auhaggisgourmand.fr\/#\/schema\/logo\/image\/"}}]}},"jetpack_sharing_enabled":true,"jetpack_likes_enabled":true,"_links":{"self":[{"href":"https:\/\/auhaggisgourmand.fr\/index.php\/wp-json\/wp\/v2\/pages\/390","targetHints":{"allow":["GET"]}}],"collection":[{"href":"https:\/\/auhaggisgourmand.fr\/index.php\/wp-json\/wp\/v2\/pages"}],"about":[{"href":"https:\/\/auhaggisgourmand.fr\/index.php\/wp-json\/wp\/v2\/types\/page"}],"author":[{"embeddable":true,"href":"https:\/\/auhaggisgourmand.fr\/index.php\/wp-json\/wp\/v2\/users\/1"}],"replies":[{"embeddable":true,"href":"https:\/\/auhaggisgourmand.fr\/index.php\/wp-json\/wp\/v2\/comments?post=390"}],"version-history":[{"count":5,"href":"https:\/\/auhaggisgourmand.fr\/index.php\/wp-json\/wp\/v2\/pages\/390\/revisions"}],"predecessor-version":[{"id":789,"href":"https:\/\/auhaggisgourmand.fr\/index.php\/wp-json\/wp\/v2\/pages\/390\/revisions\/789"}],"wp:featuredmedia":[{"embeddable":true,"href":"https:\/\/auhaggisgourmand.fr\/index.php\/wp-json\/wp\/v2\/media\/790"}],"wp:attachment":[{"href":"https:\/\/auhaggisgourmand.fr\/index.php\/wp-json\/wp\/v2\/media?parent=390"}],"curies":[{"name":"wp","href":"https:\/\/api.w.org\/{rel}","templated":true}]}}