{"id":194,"date":"2019-01-21T11:44:40","date_gmt":"2019-01-21T10:44:40","guid":{"rendered":"http:\/\/auhaggisgourmand.fr\/?page_id=194"},"modified":"2020-11-07T16:07:26","modified_gmt":"2020-11-07T15:07:26","slug":"le-haggis-gourmand","status":"publish","type":"page","link":"https:\/\/auhaggisgourmand.fr\/index.php\/le-haggis-gourmand\/","title":{"rendered":"Le Haggis Gourmand"},"content":{"rendered":"\n<h2 class=\"wp-block-heading\">Connaissez-vous le Haggis ?<\/h2>\n\n\n\n<p><strong>Le haggis, plat typique \u00e9cossais, est bien plus q<\/strong><strong>u\u2019un plat national.<\/strong><\/p>\n\n\n\n<p>Vaste plaisanterie, c\u2019est un animal imaginaire assimil\u00e9 au dahu des montagnes qui fait l\u2019objet de produits d\u00e9riv\u00e9s \u00e9tranges.<br>On le chasse, on le lance et on le mange\u2026<\/p>\n\n\n\n<p><strong>Le haggis, plat national \u00e9cossais \u00e0 manger et \u00e0 lancer\u2026<\/strong><\/p>\n\n\n\n<p>Le haggis ne laisse pas indiff\u00e9rent : on adore ou on d\u00e9teste ! Personnellement j\u2019aime beaucoup<\/p>\n\n\n\n<p>Haggis, notre globetrotter court \u00e0 travers les coins du globe pour d\u00e9nicher de nouvelles saveurs&#8230;<\/p>\n\n\n\n<p><\/p>\n\n\n<p style=\"text-align: center;\"><img data-recalc-dims=\"1\" fetchpriority=\"high\" decoding=\"async\" class=\"wp-image-257 alignleft\" src=\"https:\/\/i0.wp.com\/auhaggisgourmand.fr\/wp-content\/uploads\/2019\/01\/plat_Haggis.jpg?resize=333%2C228&#038;ssl=1\" alt=\"\" width=\"333\" height=\"228\" \/><\/p>\n<p style=\"text-align: center;\"><img data-recalc-dims=\"1\" decoding=\"async\" class=\"wp-image-258 alignleft\" src=\"https:\/\/i0.wp.com\/auhaggisgourmand.fr\/wp-content\/uploads\/2019\/01\/recette_Haggis.jpg?resize=340%2C232&#038;ssl=1\" alt=\"\" width=\"340\" height=\"232\" srcset=\"https:\/\/i0.wp.com\/auhaggisgourmand.fr\/wp-content\/uploads\/2019\/01\/recette_Haggis.jpg?w=320&amp;ssl=1 320w, https:\/\/i0.wp.com\/auhaggisgourmand.fr\/wp-content\/uploads\/2019\/01\/recette_Haggis.jpg?resize=300%2C204&amp;ssl=1 300w\" sizes=\"(max-width: 340px) 100vw, 340px\" \/><\/p>\n<p style=\"text-align: center;\"><\/p>\n\n\n<div class=\"wp-block-buttons is-layout-flex wp-block-buttons-is-layout-flex\">\n<div class=\"wp-block-button\"><a class=\"wp-block-button__link\" href=\"https:\/\/auhaggisgourmand.fr\/\">Retour Accueil<\/a><\/div>\n<\/div>\n\n\n\n<p><\/p>\n\n\n\n<p><\/p>\n","protected":false},"excerpt":{"rendered":"<p>Connaissez-vous le Haggis ? Le haggis, plat typique \u00e9cossais, est bien plus qu\u2019un plat national. Vaste plaisanterie, c\u2019est un animal imaginaire assimil\u00e9 au dahu des montagnes qui fait l\u2019objet de produits d\u00e9riv\u00e9s \u00e9tranges.On le chasse, on le lance et on le mange\u2026 Le haggis, plat national \u00e9cossais \u00e0 manger et [&hellip;]<\/p>\n","protected":false},"author":1,"featured_media":0,"parent":0,"menu_order":0,"comment_status":"closed","ping_status":"closed","template":"","meta":{"_themeisle_gutenberg_block_has_review":false,"footnotes":""},"class_list":["post-194","page","type-page","status-publish","hentry"],"yoast_head":"<!-- This site is optimized with the Yoast SEO plugin v27.3 - https:\/\/yoast.com\/product\/yoast-seo-wordpress\/ -->\n<title>Le Haggis Gourmand - AU HAGGIS GOURMAND<\/title>\n<meta name=\"robots\" content=\"index, follow, max-snippet:-1, max-image-preview:large, max-video-preview:-1\" \/>\n<link rel=\"canonical\" href=\"https:\/\/auhaggisgourmand.fr\/index.php\/le-haggis-gourmand\/\" \/>\n<meta property=\"og:locale\" content=\"fr_FR\" \/>\n<meta property=\"og:type\" content=\"article\" \/>\n<meta property=\"og:title\" content=\"Le Haggis Gourmand - AU HAGGIS GOURMAND\" \/>\n<meta property=\"og:description\" content=\"Connaissez-vous le Haggis ? Le haggis, plat typique \u00e9cossais, est bien plus qu\u2019un plat national. Vaste plaisanterie, c\u2019est un animal imaginaire assimil\u00e9 au dahu des montagnes qui fait l\u2019objet de produits d\u00e9riv\u00e9s \u00e9tranges.On le chasse, on le lance et on le mange\u2026 Le haggis, plat national \u00e9cossais \u00e0 manger et [&hellip;]\" \/>\n<meta property=\"og:url\" content=\"https:\/\/auhaggisgourmand.fr\/index.php\/le-haggis-gourmand\/\" \/>\n<meta property=\"og:site_name\" content=\"AU HAGGIS GOURMAND\" \/>\n<meta property=\"article:modified_time\" content=\"2020-11-07T15:07:26+00:00\" \/>\n<meta property=\"og:image\" content=\"https:\/\/auhaggisgourmand.fr\/wp-content\/uploads\/2019\/01\/plat_Haggis.jpg\" \/>\n<meta name=\"twitter:card\" content=\"summary_large_image\" \/>\n<script type=\"application\/ld+json\" class=\"yoast-schema-graph\">{\"@context\":\"https:\\\/\\\/schema.org\",\"@graph\":[{\"@type\":\"WebPage\",\"@id\":\"https:\\\/\\\/auhaggisgourmand.fr\\\/index.php\\\/le-haggis-gourmand\\\/\",\"url\":\"https:\\\/\\\/auhaggisgourmand.fr\\\/index.php\\\/le-haggis-gourmand\\\/\",\"name\":\"Le Haggis Gourmand - AU HAGGIS GOURMAND\",\"isPartOf\":{\"@id\":\"https:\\\/\\\/auhaggisgourmand.fr\\\/#website\"},\"primaryImageOfPage\":{\"@id\":\"https:\\\/\\\/auhaggisgourmand.fr\\\/index.php\\\/le-haggis-gourmand\\\/#primaryimage\"},\"image\":{\"@id\":\"https:\\\/\\\/auhaggisgourmand.fr\\\/index.php\\\/le-haggis-gourmand\\\/#primaryimage\"},\"thumbnailUrl\":\"https:\\\/\\\/auhaggisgourmand.fr\\\/wp-content\\\/uploads\\\/2019\\\/01\\\/plat_Haggis.jpg\",\"datePublished\":\"2019-01-21T10:44:40+00:00\",\"dateModified\":\"2020-11-07T15:07:26+00:00\",\"breadcrumb\":{\"@id\":\"https:\\\/\\\/auhaggisgourmand.fr\\\/index.php\\\/le-haggis-gourmand\\\/#breadcrumb\"},\"inLanguage\":\"fr-FR\",\"potentialAction\":[{\"@type\":\"ReadAction\",\"target\":[\"https:\\\/\\\/auhaggisgourmand.fr\\\/index.php\\\/le-haggis-gourmand\\\/\"]}]},{\"@type\":\"ImageObject\",\"inLanguage\":\"fr-FR\",\"@id\":\"https:\\\/\\\/auhaggisgourmand.fr\\\/index.php\\\/le-haggis-gourmand\\\/#primaryimage\",\"url\":\"https:\\\/\\\/auhaggisgourmand.fr\\\/wp-content\\\/uploads\\\/2019\\\/01\\\/plat_Haggis.jpg\",\"contentUrl\":\"https:\\\/\\\/auhaggisgourmand.fr\\\/wp-content\\\/uploads\\\/2019\\\/01\\\/plat_Haggis.jpg\"},{\"@type\":\"BreadcrumbList\",\"@id\":\"https:\\\/\\\/auhaggisgourmand.fr\\\/index.php\\\/le-haggis-gourmand\\\/#breadcrumb\",\"itemListElement\":[{\"@type\":\"ListItem\",\"position\":1,\"name\":\"Accueil\",\"item\":\"https:\\\/\\\/auhaggisgourmand.fr\\\/\"},{\"@type\":\"ListItem\",\"position\":2,\"name\":\"Le Haggis Gourmand\"}]},{\"@type\":\"WebSite\",\"@id\":\"https:\\\/\\\/auhaggisgourmand.fr\\\/#website\",\"url\":\"https:\\\/\\\/auhaggisgourmand.fr\\\/\",\"name\":\"AU HAGGIS GOURMAND\",\"description\":\"\",\"publisher\":{\"@id\":\"https:\\\/\\\/auhaggisgourmand.fr\\\/#organization\"},\"potentialAction\":[{\"@type\":\"SearchAction\",\"target\":{\"@type\":\"EntryPoint\",\"urlTemplate\":\"https:\\\/\\\/auhaggisgourmand.fr\\\/?s={search_term_string}\"},\"query-input\":{\"@type\":\"PropertyValueSpecification\",\"valueRequired\":true,\"valueName\":\"search_term_string\"}}],\"inLanguage\":\"fr-FR\"},{\"@type\":\"Organization\",\"@id\":\"https:\\\/\\\/auhaggisgourmand.fr\\\/#organization\",\"name\":\"AU HAGGIS GOURMAND\",\"url\":\"https:\\\/\\\/auhaggisgourmand.fr\\\/\",\"logo\":{\"@type\":\"ImageObject\",\"inLanguage\":\"fr-FR\",\"@id\":\"https:\\\/\\\/auhaggisgourmand.fr\\\/#\\\/schema\\\/logo\\\/image\\\/\",\"url\":\"https:\\\/\\\/i0.wp.com\\\/auhaggisgourmand.fr\\\/wp-content\\\/uploads\\\/2019\\\/01\\\/cropped-haggisPointer50-2.png?fit=50%2C50&ssl=1\",\"contentUrl\":\"https:\\\/\\\/i0.wp.com\\\/auhaggisgourmand.fr\\\/wp-content\\\/uploads\\\/2019\\\/01\\\/cropped-haggisPointer50-2.png?fit=50%2C50&ssl=1\",\"width\":50,\"height\":50,\"caption\":\"AU HAGGIS GOURMAND\"},\"image\":{\"@id\":\"https:\\\/\\\/auhaggisgourmand.fr\\\/#\\\/schema\\\/logo\\\/image\\\/\"}}]}<\/script>\n<!-- \/ Yoast SEO plugin. -->","yoast_head_json":{"title":"Le Haggis Gourmand - AU HAGGIS GOURMAND","robots":{"index":"index","follow":"follow","max-snippet":"max-snippet:-1","max-image-preview":"max-image-preview:large","max-video-preview":"max-video-preview:-1"},"canonical":"https:\/\/auhaggisgourmand.fr\/index.php\/le-haggis-gourmand\/","og_locale":"fr_FR","og_type":"article","og_title":"Le Haggis Gourmand - AU HAGGIS GOURMAND","og_description":"Connaissez-vous le Haggis ? Le haggis, plat typique \u00e9cossais, est bien plus qu\u2019un plat national. Vaste plaisanterie, c\u2019est un animal imaginaire assimil\u00e9 au dahu des montagnes qui fait l\u2019objet de produits d\u00e9riv\u00e9s \u00e9tranges.On le chasse, on le lance et on le mange\u2026 Le haggis, plat national \u00e9cossais \u00e0 manger et [&hellip;]","og_url":"https:\/\/auhaggisgourmand.fr\/index.php\/le-haggis-gourmand\/","og_site_name":"AU HAGGIS GOURMAND","article_modified_time":"2020-11-07T15:07:26+00:00","og_image":[{"url":"https:\/\/auhaggisgourmand.fr\/wp-content\/uploads\/2019\/01\/plat_Haggis.jpg","type":"","width":"","height":""}],"twitter_card":"summary_large_image","schema":{"@context":"https:\/\/schema.org","@graph":[{"@type":"WebPage","@id":"https:\/\/auhaggisgourmand.fr\/index.php\/le-haggis-gourmand\/","url":"https:\/\/auhaggisgourmand.fr\/index.php\/le-haggis-gourmand\/","name":"Le Haggis Gourmand - AU HAGGIS GOURMAND","isPartOf":{"@id":"https:\/\/auhaggisgourmand.fr\/#website"},"primaryImageOfPage":{"@id":"https:\/\/auhaggisgourmand.fr\/index.php\/le-haggis-gourmand\/#primaryimage"},"image":{"@id":"https:\/\/auhaggisgourmand.fr\/index.php\/le-haggis-gourmand\/#primaryimage"},"thumbnailUrl":"https:\/\/auhaggisgourmand.fr\/wp-content\/uploads\/2019\/01\/plat_Haggis.jpg","datePublished":"2019-01-21T10:44:40+00:00","dateModified":"2020-11-07T15:07:26+00:00","breadcrumb":{"@id":"https:\/\/auhaggisgourmand.fr\/index.php\/le-haggis-gourmand\/#breadcrumb"},"inLanguage":"fr-FR","potentialAction":[{"@type":"ReadAction","target":["https:\/\/auhaggisgourmand.fr\/index.php\/le-haggis-gourmand\/"]}]},{"@type":"ImageObject","inLanguage":"fr-FR","@id":"https:\/\/auhaggisgourmand.fr\/index.php\/le-haggis-gourmand\/#primaryimage","url":"https:\/\/auhaggisgourmand.fr\/wp-content\/uploads\/2019\/01\/plat_Haggis.jpg","contentUrl":"https:\/\/auhaggisgourmand.fr\/wp-content\/uploads\/2019\/01\/plat_Haggis.jpg"},{"@type":"BreadcrumbList","@id":"https:\/\/auhaggisgourmand.fr\/index.php\/le-haggis-gourmand\/#breadcrumb","itemListElement":[{"@type":"ListItem","position":1,"name":"Accueil","item":"https:\/\/auhaggisgourmand.fr\/"},{"@type":"ListItem","position":2,"name":"Le Haggis Gourmand"}]},{"@type":"WebSite","@id":"https:\/\/auhaggisgourmand.fr\/#website","url":"https:\/\/auhaggisgourmand.fr\/","name":"AU HAGGIS GOURMAND","description":"","publisher":{"@id":"https:\/\/auhaggisgourmand.fr\/#organization"},"potentialAction":[{"@type":"SearchAction","target":{"@type":"EntryPoint","urlTemplate":"https:\/\/auhaggisgourmand.fr\/?s={search_term_string}"},"query-input":{"@type":"PropertyValueSpecification","valueRequired":true,"valueName":"search_term_string"}}],"inLanguage":"fr-FR"},{"@type":"Organization","@id":"https:\/\/auhaggisgourmand.fr\/#organization","name":"AU HAGGIS GOURMAND","url":"https:\/\/auhaggisgourmand.fr\/","logo":{"@type":"ImageObject","inLanguage":"fr-FR","@id":"https:\/\/auhaggisgourmand.fr\/#\/schema\/logo\/image\/","url":"https:\/\/i0.wp.com\/auhaggisgourmand.fr\/wp-content\/uploads\/2019\/01\/cropped-haggisPointer50-2.png?fit=50%2C50&ssl=1","contentUrl":"https:\/\/i0.wp.com\/auhaggisgourmand.fr\/wp-content\/uploads\/2019\/01\/cropped-haggisPointer50-2.png?fit=50%2C50&ssl=1","width":50,"height":50,"caption":"AU HAGGIS GOURMAND"},"image":{"@id":"https:\/\/auhaggisgourmand.fr\/#\/schema\/logo\/image\/"}}]}},"jetpack_sharing_enabled":true,"jetpack_likes_enabled":true,"_links":{"self":[{"href":"https:\/\/auhaggisgourmand.fr\/index.php\/wp-json\/wp\/v2\/pages\/194","targetHints":{"allow":["GET"]}}],"collection":[{"href":"https:\/\/auhaggisgourmand.fr\/index.php\/wp-json\/wp\/v2\/pages"}],"about":[{"href":"https:\/\/auhaggisgourmand.fr\/index.php\/wp-json\/wp\/v2\/types\/page"}],"author":[{"embeddable":true,"href":"https:\/\/auhaggisgourmand.fr\/index.php\/wp-json\/wp\/v2\/users\/1"}],"replies":[{"embeddable":true,"href":"https:\/\/auhaggisgourmand.fr\/index.php\/wp-json\/wp\/v2\/comments?post=194"}],"version-history":[{"count":0,"href":"https:\/\/auhaggisgourmand.fr\/index.php\/wp-json\/wp\/v2\/pages\/194\/revisions"}],"wp:attachment":[{"href":"https:\/\/auhaggisgourmand.fr\/index.php\/wp-json\/wp\/v2\/media?parent=194"}],"curies":[{"name":"wp","href":"https:\/\/api.w.org\/{rel}","templated":true}]}}